 -448 - -453. Suppose h = -z*j + 8*j. What is the units digit of j?
2
Let w be 140/60*(-6)/(-7). Let c = 14 + -10. What is the units digit of 53 - (-8*w)/c?
7
What is the units digit of 720 + -64 + 10/(-1)?
6
Let j be 2*((-99)/(-6) + -4). What is the units digit of (-20)/j + (-359)/(-5)?
1
Let z = 16 + -11. Suppose c - 64 = -4*t + z, -3*t + 15 = 0. What is the units digit of c?
9
Suppose -4*l = 11 + 1, 0 = 2*b - l + 7. Let i(m) = 2*m**2 - m + 3. Let z be i(2). Let s = b + z. What is the units digit of s?
4
Let n(b) = -b**2 - 38*b - 216. Let o be n(-6). Let i(u) = -2*u**3 + 4*u**2 + 2*u - 1. Let l be i(-2). Let a = o + l. What is the units digit of a?
3
Let o(b) = 108*b**2 - 8*b + 12. What is the units digit of o(1)?
2
Suppose -v + 690 = -2*q, q = -v + 239 + 463. What is the units digit of v?
8
Let u(j) = j**2 - 16*j + 18. Let n be u(14). Let p be (46 + n)*(-2)/(-3). Suppose m + p = x - 40, x - 3*m - 66 = 0. What is the units digit of x?
3
Suppose 5*t = 5*j + 25, 0 = -2*t - j + 2 + 2. Suppose -6*p + t*p + 237 = 3*q, -q + 304 = 4*p. What is the units digit of p?
5
Let u be ((-27)/3 - 4) + 4. What is the hundreds digit of (-8)/1*(1494/8)/u?
1
Let z = 4 + 4. Suppose 13 = -3*n - 5*d, 0 = -4*n + 5*d - 30 + 1. Let j = n + z. What is the units digit of j?
2
Let w be 1 + 0 + 2 - 0. Suppose -3*i - 36 = -6*i - h, w*h = -2*i + 24. What is the tens digit of (-3)/9 - (-220)/i?
1
Suppose m - 267 = n + 4*n, -2 = -2*n. What is the units digit of m?
2
Let m(h) = -10*h - 12. Let q be m(-7). What is the tens digit of q/6 - (-3)/9?
1
Suppose 5 = -g, 0 = -4*o - 2*g + 3*g + 4701. What is the units digit of o?
4
Suppose -45 = w + 2*w. Suppose 13*k - 47 = 8*k - 3*c, -4*c + 36 = 4*k. What is the tens digit of (-6)/w - (-196)/k?
2
Let c be 0 - (-2 + -19 - 0). Let u = 29 - c. What is the units digit of u/(-1)*(-1)/1?
8
Let w(n) = n**2 + 3*n - 3. Let x be w(-4). Let v = 27 + -24. What is the units digit of 8 - (x - v - -1)?
9
Let o(s) = -37*s**3 - 7*s**2 - 2*s - 7. What is the units digit of o(-3)?
5
Let o(j) = -15*j**3 - 10*j**2 + 10*j + 4. What is the hundreds digit of o(-5)?
5
Suppose 0 = -5*j - 1221 - 849. Let w = -245 - j. What is the units digit of w?
9
Let i be (-18)/(3/84*-1). Suppose 64*o = 60*o + i. What is the tens digit of o?
2
Let v be ((-3)/9)/(6/(-1134)). What is the units digit of (v/(-2))/(1/(-2))?
3
Suppose 2*a + 2*a = 532. Let q = -80 + a. What is the units digit of q?
3
Suppose 0 = 5*x - x - 1456. What is the tens digit of x?
6
Suppose -3*n = 2*u + 205, -5*n - 3*u - 2*u - 335 = 0. Let o = -51 - n. What is the units digit of o?
0
Let t(u) = -u**3 + 13 - 11 + 7*u + 6 + 7*u**2. What is the hundreds digit of t(-4)?
1
Suppose 1785 = -18*t + 23*t. Suppose 3*k - 969 = -t. What is the tens digit of k?
0
Let k(s) = -7*s + 139. What is the tens digit of k(-13)?
3
Let y(s) = 13*s - 26. Let b = 93 - 80. What is the units digit of y(b)?
3
Let o(x) = -2*x + 21. Let t be o(10). Let f = 197 + t. What is the tens digit of f?
9
Let s = -20 + 20. Let h(x) = -x**3 - x**2. Let b be h(s). Suppose b = 3*g - 14 - 13. What is the units digit of g?
9
Let m(x) = 10*x**3 - 8*x + 19. What is the hundreds digit of m(5)?
2
Let u(g) = -25*g + 17. Let p(n) = -1. Let b(a) = p(a) + u(a). What is the tens digit of b(-5)?
4
Suppose x + 2*x = 3*n, 12 = 4*n. Suppose v - 4*r = -r + 98, x*r + 401 = 4*v. What is the hundreds digit of v?
1
Let x be ((-10)/(-6))/((-2)/(-210)). Suppose -l + 6*l - x = 0. Let j = l + -8. What is the units digit of j?
7
Suppose -9 = -4*d - 3*u, u - 16 + 8 = -3*d. Let s(q) = -q**2 - 2*q. Let c be s(-2). Suppose 39 = -c*n + d*n. What is the tens digit of n?
1
Let f(q) = q**3 - 6*q**2 - q - 6. Let g be f(5). Let x be -64 + 48 + (-2 - (-2)/(-2)). Let k = x - g. What is the tens digit of k?
1
Suppose -9385*c = -9394*c + 34893. What is the hundreds digit of c?
8
What is the tens digit of (-27264)/(-64)*(-10)/(-6)?
1
Let s = -1218 + 826. Let c be 4/(-3) - s/6. Let p = c + -24. What is the tens digit of p?
4
Let t = -146 + 1060. What is the units digit of t?
4
Let k = -111 - -117. What is the tens digit of (724/k)/((-40)/(-60))?
8
Let n(m) = 113*m**2 + 5*m - 6. What is the units digit of n(1)?
2
Suppose -16*b - 4428 = -25*b. What is the hundreds digit of b?
4
Suppose -9*l + 24453 = -21366. What is the hundreds digit of l?
0
Suppose -p + 3 + 0 = 0. Let z(w) = 5*w**2 - 2*w - 5. What is the tens digit of z(p)?
3
Let b = 10616 - 6240. What is the thousands digit of b?
4
Let b(f) = f**3 - 15*f**2 + 10*f - 9. Let q be b(6). Let x = q - -471. What is the tens digit of x?
9
What is the tens digit of (-5 + -70)*(-4 + -1)?
7
Let s(c) = c**3 - 9*c**2 - 2*c + 20. Let u be s(9). What is the tens digit of u/(-2*(-1)/182) + 4?
8
Let d(v) = v**3 - v**2 + 2*v + 648. Let p be d(0). Suppose -4*b = -5*n - p, -b = 7*n - 11*n - 173. What is the units digit of b?
7
What is the tens digit of (-68680)/(-204)*6/4?
0
Suppose 0 = -3*i - u - 4*u + 2989, 0 = 4*i + 4*u - 3988. What is the hundreds digit of i?
9
Let s be (1 + 2 - 1) + -17. Let c(a) = a + 12. Let u be c(s). What is the units digit of (-440)/(-12) - 1/u?
7
Let c(u) = -4 + 10 - 10*u + 14. Let z be c(-16). Suppose -q = 2*q - z. What is the tens digit of q?
6
Suppose -1 - 49 = -5*k. Suppose 0 = -4*u - 3*t, k - 38 = -4*u + 4*t. What is the units digit of u/(-1) - 60/(-6)?
7
Let y be 12/(-7) - 2/7. What is the hundreds digit of y*-3*146/(-6)*-1?
1
Let v(f) = 2*f**2 + 1. Let i be v(1). Let b(x) = 2*x**2 - 4*x - 1. Let p be b(3). Suppose -p*q + 16 = u, -19 = -u + q + i. What is the tens digit of u?
2
Suppose 5*x - 7 = -3*m + 14, 4*x + 4*m - 20 = 0. Suppose 5*i + 4*h - 97 = 300, -i + x*h + 87 = 0. What is the tens digit of i?
8
Suppose -12*p + 10*p = 4. Let w(n) = -29*n - 1. What is the units digit of w(p)?
7
Let l = 1292 + 862. What is the thousands digit of l?
2
Suppose -16*a + 21*a + 185 = 0. Let h = a - -80. What is the units digit of h?
3
Suppose 0 = -2*l + 5*w + 2467, 2*w - 6618 = -5*l - 407. What is the thousands digit of l?
1
Let w(q) = 4*q**2 + 43*q + 7. Let h(l) = -13*l**2 - 128*l - 21. Let g(x) = -2*h(x) - 7*w(x). What is the tens digit of g(-19)?
2
Let t = -900 + 904. Let d = 3 + 9. Suppose 11*u - d*u = -t. What is the units digit of u?
4
Suppose -a - 2*t = -324 - 252, -t + 576 = a. What is the units digit of a?
6
Suppose -54 = 4*j - 414. Suppose -421 - j = -7*i. What is the units digit of i?
3
Suppose 0 = -6*f - 3*f + 13851. What is the units digit of f?
9
Let z(w) = w**3 - w + 1. Let r be z(2). What is the units digit of (-5866)/(-49) - (-2)/r?
0
Suppose -t + 3*l - 69 = -14, 5*l = -3*t - 179. What is the units digit of -2*(-2 + 3) - t?
6
Suppose 2*a + 2*j = 4*a - 72, 0 = -4*j + 20. Let t = 42 + a. What is the units digit of t?
3
Suppose k + k + 106 = 0. Let g = -34 - k. Suppose 5*d + 0*d = 2*a - g, 2*a - 49 = -d. What is the units digit of a?
2
Suppose -4580 + 804 = -4*b. What is the tens digit of b?
4
Let d = 44 - 29. Let x(n) = n**3 + 2*n**2 - n - 24. Let j be x(0). What is the tens digit of ((-95)/d)/(4/j)?
3
Let f(y) = 4*y**2 - 4*y + 12. Let c = 12 - 9. What is the tens digit of f(c)?
3
Suppose 6*q = -204 + 12. Let y = 53 + q. Suppose -2*w + 13 = -y. What is the units digit of w?
7
Suppose 18*v = 2152 + 530. What is the units digit of v?
9
Let w be 4 + 2/(48/(-28) - -2). What is the hundreds digit of (1 + (-3 - w))*-8?
1
Let r(m) = -69*m - 9. Let o(h) = -65*h - 6. Let c(n) = 3*o(n) - 2*r(n). Let x(i) = -i + 2. Let q be x(3). What is the tens digit of c(q)?
5
Let m(g) = -1627*g - 4. Let r be m(-2). Suppose r = -7*n + 2*n. What is the tens digit of n/(-9) + (-10)/45?
7
Suppose -1012 = -2*p - 2*n, -15 = -3*n - 24. What is the tens digit of p?
0
Suppose 0 = -5*h + 25, 2*w - 25 = -0*w - 3*h. Suppose 2*a + 42 = w*a. Let f = a - 2. What is the tens digit of f?
1
Let s be ((-68)/10)/(-2*8/480). Suppose -18*z - s = -19*z. What is the hundreds digit of z?
2
Let t(u) = -2*u**3 + 0*u**3 - 5*u**2 - 4 + 20 - 7. What is the units digit of t(-3)?
8
Suppose 4*k - 6 = k. Let l(u) = -10*u - 44. Let v be l(-8). Suppose -c = -k*j - v, 0*j - j = -2*c + 84. What is the units digit of c?
4
Suppose 7*x - 41128 = -4133. What is the hundreds digit of x?
2
Let g = -179 + 623. What is the hundreds digit of g?
4
Let h(r) = -r**3 - 27*r**2 + 11*r - 47. Wha